 remainder when 2348324 is divided by 293540.
4
What is the remainder when 441470 is divided by 4930?
2700
What is the remainder when 9666382 is divided by 322210?
82
Calculate the remainder when 1384001 is divided by 1600.
1
What is the remainder when 12703901 is divided by 46?
35
Calculate the remainder when 20437 is divided by 2213.
520
Calculate the remainder when 12681824 is divided by 745989.
11
What is the remainder when 9041247 is divided by 67?
66
What is the remainder when 91647 is divided by 45425?
797
Calculate the remainder when 727215 is divided by 727196.
19
Calculate the remainder when 930976 is divided by 84589.
497
Calculate the remainder when 16479678 is divided by 98.
96
Calculate the remainder when 3250384 is divided by 110.
104
What is the remainder when 3790009 is divided by 77?
69
What is the remainder when 738565 is divided by 230?
35
What is the remainder when 99614 is divided by 299?
47
Calculate the remainder when 133368319 is divided by 20.
19
Calculate the remainder when 175092484 is divided by 1938.
1936
Calculate the remainder when 829276 is divided by 2019.
1486
Calculate the remainder when 205858 is divided by 5325.
3508
What is the remainder when 802547 is divided by 1110?
17
Calculate the remainder when 535646 is divided by 319.
45
Calculate the remainder when 10018826 is divided by 1632.
1610
What is the remainder when 2761637 is divided by 732?
533
Calculate the remainder when 14673781 is divided by 232915.
136
Calculate the remainder when 455439 is divided by 89254.
9169
What is the remainder when 1283513 is divided by 597?
560
Calculate the remainder when 959128774 is divided by 1917.
1915
Calculate the remainder when 83424 is divided by 9849.
4632
What is the remainder when 92079 is divided by 2250?
2079
What is the remainder when 4719747 is divided by 70?
67
Calculate the remainder when 366667 is divided by 240.
187
Calculate the remainder when 1130335 is divided by 91.
24
Calculate the remainder when 8922478 is divided by 70.
68
What is the remainder when 2977128 is divided by 1488562?
4
Calculate the remainder when 70426407 is divided by 4335.
4332
What is the remainder when 53056 is divided by 4377?
532
Calculate the remainder when 228279 is divided by 76084.
27
What is the remainder when 1090991 is divided by 545492?
7
Calculate the remainder when 37295322 is divided by 2032.
2026
Calculate the remainder when 58315 is divided by 260.
75
Calculate the remainder when 3143471 is divided by 40824.
23
Calculate the remainder when 5113817 is divided by 24468.
5
Calculate the remainder when 719980 is divided by 19997.
88
Calculate the remainder when 468549 is divided by 31231.
84
Calculate the remainder when 338045 is divided by 8451.
5
Calculate the remainder when 2933278 is divided by 20793.
1465
What is the remainder when 2767851 is divided by 2478?
2403
Calculate the remainder when 1538800 is divided by 118368.
16
What is the remainder when 338206 is divided by 622?
460
Calculate the remainder when 520718 is divided by 65077.
102
What is the remainder when 121586 is divided by 121498?
88
Calculate the remainder when 403958 is divided by 4438.
100
Calculate the remainder when 216781 is divided by 216711.
70
What is the remainder when 139339198 is divided by 650?
648
What is the remainder when 100250 is divided by 887?
19
Calculate the remainder when 208654 is divided by 4967.
40
What is the remainder when 3918206 is divided by 131?
127
What is the remainder when 287776773 is divided by 1349?
1348
Calculate the remainder when 10297606 is divided by 1303.
1300
Calculate the remainder when 386273 is divided by 15906.
4529
What is the remainder when 33399718 is divided by 224?
198
Calculate the remainder when 4731976 is divided by 2365962.
52
What is the remainder when 20776032 is divided by 6925336?
24
Calculate the remainder when 11749359 is divided by 13.
11
Calculate the remainder when 8374469 is divided by 34.
31
Calculate the remainder when 130931 is divided by 1007.
21
What is the remainder when 17111 is divided by 16657?
454
What is the remainder when 750572 is divided by 7217?
4
Calculate the remainder when 42733484 is divided by 196.
192
Calculate the remainder when 174161 is divided by 245.
211
What is the remainder when 5794877 is divided by 81?
56
What is the remainder when 496070 is divided by 44947?
1653
What is the remainder when 699052 is divided by 26885?
42
Calculate the remainder when 100986 is divided by 1905.
21
What is the remainder when 50924606 is divided by 32?
30
What is the remainder when 19984553 is divided by 3408?
41
What is the remainder when 93404 is divided by 46499?
406
Calculate the remainder when 123250692 is divided by 41083562.
6
What is the remainder when 1690369 is divided by 14572?
17
Calculate the remainder when 148186 is divided by 14726.
926
Calculate the remainder when 2300108 is divided by 328586.
6
What is the remainder when 1887199 is divided by 52421?
43
Calculate the remainder when 5390397 is divided by 299466.
9
Calculate the remainder when 3017584 is divided by 125732.
16
What is the remainder when 46893 is divided by 1094?
945
What is the remainder when 179823415 is divided by 13832570?
5
What is the remainder when 3294525 is divided by 2570?
2355
Calculate the remainder when 11106639 is divided by 11106614.
25
Calculate the remainder when 152870 is divided by 151667.
1203
What is the remainder when 105132 is divided by 33945?
3297
What is the remainder when 3883520 is divided by 970869?
44
Calculate the remainder when 87068 is divided by 633.
347
Calculate the remainder when 130216 is divided by 880.
856
What is the remainder when 342998 is divided by 320?
278
Calculate the remainder when 1966067 is divided by 140.
47
What is the remainder when 1567139 is divided by 2839?
11
What is the remainder when 54178915 is divided by 1295?
0
Calculate the remainder when 6926079 is divided by 727.
677
What is the remainder when 27929908 is divided by 49609?
41
What is the remainder when 32777764 is divided by 38?
28
Calculate the remainder when 360026780 is divided by 4394.
4390
What is the remainder when 627161 is divided by 69662?
203
Calculate the remainder when 3154238 is divided by 383.
233
Calculate the remainder when 61606 is divided by 30475.
656
What is the remainder when 27091 is divided by 12?
7
Calculate the remainder when 59285903 is divided by 1328.
1327
Calculate the remainder when 102755 is divided by 10260.
155
What is the remainder when 316186 is divided by 35127?
43
What is the remainder when 10515520 is divided by 701032?
40
What is the remainder when 208559028 is divided by 7625?
28
Calculate the remainder when 2637965 is divided by 2964.
5
Calculate the remainder when 10875388 is divided by 30.
28
What is the remainder when 12328226 is divided by 3082053?
14
Calculate the remainder when 362050 is divided by 362048.
2
What is the remainder when 6319757 is divided by 8741?
14
What is the remainder when 449597 is divided by 8991?
47
Calculate the remainder when 58013378 is divided by 2762541.
17
Calculate the remainder when 7016169 is divided by 1130.
1129
Calculate the remainder when 1618360 is divided by 166.
26
What is the remainder when 34397559 is divided by 2152?
2143
What is the remainder when 192775 is divided by 3447?
3190
What is the remainder when 2036136 is divided by 37020?
36
Calculate the remainder when 10714226 is divided by 43.
2
Calculate the remainder when 18126 is divided by 8447.
1232
What is the remainder when 64545 is divided by 858?
195
Calculate the remainder when 8564077 is divided by 503.
502
Calculate the remainder when 11331358 is divided by 3777083.
109
What is the remainder when 83372 is divided by 10239?
1460
Calculate the remainder when 120911 is divided by 30209.
75
Calculate the remainder when 1296001 is divided by 323999.
5
What is the remainder when 8026090 is divided by 200652?
10
Calculate the remainder when 8561655 is divided by 859.
2
Calculate the remainder when 1934772 is divided by 1549.
71
What is the remainder when 5260 is divided by 1431?
967
Calculate the remainder when 134488846 is divided by 26897767.
11
Calculate the remainder when 2528569 is divided by 53790.
439
Calculate the remainder w